-- http://www.phpmyadmin.net
--




--
-- Database: `vip`
--

-- --------------------------------------------------------

--
-- Table structure for table `bank`
--

CREATE TABLE `bank` (
  `id` int(11) NOT NULL,
  `bank_name` varchar(255) DEFAULT NULL,
  `bank_acc_name` varchar(255) DEFAULT NULL,
  `bank_acc_no` varchar(20) DEFAULT NULL,
  `bank_acc_type` varchar(255) DEFAULT NULL,
  `status` varchar(10) NOT NULL
) ENGINE=InnoDB DEFAULT CHARSET=utf8;

--
-- Dumping data for table `bank`
--

INSERT INTO `bank` (`id`, `bank_name`, `bank_acc_name`, `bank_acc_no`, `bank_acc_type`, `status`) VALUES
(1, 'ธนาคารไทยพาณิชย์', 'สมาคมนักวิ่งเพื่อสุขภาพ', '123-4-56780-0', 'ออมทรัพย์', 'enable');

-- --------------------------------------------------------

--
-- Table structure for table `competition`
--

CREATE TABLE `competition` (
  `id` int(11) NOT NULL,
  `com_name` varchar(100) CHARACTER SET utf8 DEFAULT NULL,
  `com_km` float DEFAULT NULL,
  `com_money` decimal(10,0) NOT NULL,
  `com_limit` char(3) CHARACTER SET utf8 NOT NULL,
  `com_age_start` int(11) DEFAULT NULL,
  `com_age_end` int(11) DEFAULT NULL,
  `com_colorcode` varchar(255) CHARACTER SET utf8 DEFAULT NULL,
  `status` varchar(10) CHARACTER SET utf8 NOT NULL
) ENGINE=InnoDB DEFAULT CHARSET=utf8 COLLATE=utf8_unicode_ci;

--
-- Dumping data for table `competition`
--

INSERT INTO `competition` (`id`, `com_name`, `com_km`, `com_money`, `com_limit`, `com_age_start`, `com_age_end`, `com_colorcode`, `status`) VALUES
(14, 'Mini', 10.3, '1999', 'no', 0, 0, 'success', 'enable'),
(15, 'Funrun', 5.4, '1999', 'no', 0, 0, 'success', 'enable'),
(16, 'เดิน', 3, '1999', 'no', 0, 0, 'success', 'enable');

-- --------------------------------------------------------

--
-- Table structure for table `competition_age`
--

CREATE TABLE `competition_age` (
  `id` int(11) NOT NULL,
  `com_id` int(11) NOT NULL,
  `ca_sex` varchar(10) DEFAULT NULL,
  `ca_start` int(11) DEFAULT NULL,
  `ca_end` int(11) DEFAULT NULL,
  `status` varchar(10) NOT NULL
) ENGINE=InnoDB DEFAULT CHARSET=utf8;

--
-- Dumping data for table `competition_age`
--

INSERT INTO `competition_age` (`id`, `com_id`, `ca_sex`, `ca_start`, `ca_end`, `status`) VALUES
(1, 1, 'male', 0, 15, 'enable'),
(2, 1, 'male', 16, 24, 'enable'),
(3, 1, 'male', 25, 29, 'enable'),
(4, 1, 'male', 30, 34, 'enable'),
(5, 2, 'male', 8, 15, 'enable'),
(6, 2, 'male', 16, 40, 'enable'),
(7, 2, 'male', 41, 99, 'enable'),
(8, 3, 'male', 8, 29, 'enable'),
(9, 3, 'male', 30, 99, 'enable'),
(10, 4, 'male', 8, 12, 'disable'),
(11, 4, 'male', 12, 18, 'enable'),
(12, 1, 'female', 0, 15, 'enable'),
(13, 1, 'female', 16, 24, 'enable'),
(14, 1, 'female', 30, 34, 'enable'),
(15, 1, 'female', 35, 39, 'enable'),
(16, 1, 'female', 50, 54, 'enable'),
(17, 1, 'female', 55, 59, 'enable'),
(18, 1, 'female', 60, 99, 'enable'),
(19, 1, 'male', 35, 39, 'enable'),
(20, 1, 'male', 40, 44, 'enable'),
(21, 1, 'male', 45, 49, 'enable'),
(22, 1, 'male', 50, 54, 'enable'),
(23, 1, 'male', 55, 59, 'enable'),
(24, 1, 'male', 60, 64, 'enable'),
(25, 1, 'male', 65, 69, 'enable'),
(26, 1, 'male', 70, 99, 'enable'),
(27, 2, 'female', 0, 15, 'enable'),
(28, 2, 'female', 16, 25, 'enable'),
(29, 2, 'female', 26, 40, 'enable'),
(30, 2, 'female', 41, 60, 'enable'),
(31, 2, 'female', 61, 99, 'enable'),
(32, 3, 'female', 0, 20, 'enable'),
(33, 3, 'female', 21, 40, 'enable'),
(34, 2, 'male', 0, 50, 'enable'),
(38, 11, 'male', -15, -15, 'enable'),
(39, 11, 'male', 16, 39, 'enable'),
(40, 12, 'male', 0, 15, 'enable'),
(41, 12, 'male', 55, 59, 'enable'),
(42, 12, 'male', 60, 99, 'enable'),
(43, 14, 'male', 0, 15, 'enable'),
(44, 14, 'male', 16, 24, 'enable'),
(45, 14, 'male', 25, 29, 'enable'),
(46, 14, 'female', 0, 15, 'enable'),
(47, 14, 'female', 16, 24, 'enable'),
(48, 14, 'female', 24, 29, 'enable'),
(49, 14, 'male', 70, 99, 'enable'),
(50, 14, 'female', 60, 99, 'enable'),
(51, 15, 'male', 0, 15, 'enable'),
(52, 15, 'male', 16, 39, 'enable'),
(53, 15, 'male', 40, 99, 'enable'),
(54, 15, 'female', 0, 15, 'enable'),
(55, 15, 'female', 16, 39, 'enable'),
(56, 15, 'female', 40, 99, 'enable'),
(57, 16, 'male', 0, 99, 'enable');

-- --------------------------------------------------------

--
-- Table structure for table `group_register`
--

CREATE TABLE `group_register` (
  `id` int(11) NOT NULL,
  `create_date` timestamp NOT NULL DEFAULT CURRENT_TIMESTAMP,
  `approve_date` datetime DEFAULT NULL,
  `group_code` int(11) DEFAULT NULL,
  `group_name` varchar(255) CHARACTER SET utf8 DEFAULT NULL,
  `contact_name` varchar(255) CHARACTER SET utf8 DEFAULT NULL,
  `contact_surname` varchar(255) CHARACTER SET utf8 DEFAULT NULL,
  `contact_email` varchar(255) CHARACTER SET utf8 DEFAULT NULL,
  `contact_mobile` varchar(50) CHARACTER SET utf8 DEFAULT NULL,
  `h_no` varchar(255) CHARACTER SET utf8 DEFAULT NULL,
  `h_subdistrict` varchar(255) CHARACTER SET utf8 DEFAULT NULL,
  `h_district` varchar(255) CHARACTER SET utf8 DEFAULT NULL,
  `province_id` int(11) DEFAULT NULL,
  `h_province` varchar(255) CHARACTER SET utf8 DEFAULT NULL,
  `h_postal` varchar(5) CHARACTER SET utf8 DEFAULT NULL,
  `s_send_id` int(11) DEFAULT NULL,
  `s_send_name` varchar(255) CHARACTER SET utf8 DEFAULT NULL,
  `pay_total` decimal(12,4) DEFAULT NULL,
  `pay_date` datetime DEFAULT NULL,
  `pay_picture` varchar(255) CHARACTER SET utf8 DEFAULT NULL,
  `status` varchar(20) CHARACTER SET utf8 DEFAULT NULL
) ENGINE=InnoDB DEFAULT CHARSET=utf8 COLLATE=utf8_unicode_ci;

--
-- Dumping data for table `group_register`
--

INSERT INTO `group_register` (`id`, `create_date`, `approve_date`, `group_code`, `group_name`, `contact_name`, `contact_surname`, `contact_email`, `contact_mobile`, `h_no`, `h_subdistrict`, `h_district`, `province_id`, `h_province`, `h_postal`, `s_send_id`, `s_send_name`, `pay_total`, `pay_date`, `pay_picture`, `status`) VALUES
(2, '2021-03-14 07:37:00', NULL, 1, '123456', 'Naruphon ', 'Wongsaroj', 'shochaku@hotmail.com', '0830383731', '26/2 ม.10', 'บางไทร', 'บางไทร', 33, 'พระนครศรีอยุธยา ', '13190', 7, 'ส่งทางไปรษณีย์', '1400.0000', '2021-03-14 19:16:00', '1XFF4HSZG9B0DQ7QRS0V.jpg', 'รออนุมัติ'),
(3, '2021-03-14 10:01:03', NULL, 2, 'xyz', 'Naowa', 'win', 'maeklongweb@gmail.com', '0830383731', '26/2 ม.10', 'บางไทร', 'บางไทร', 33, 'พระนครศรีอยุธยา ', '13190', 7, 'ส่งทางไปรษณีย์', '1400.0000', '2021-03-13 22:18:00', '40CHQFFFF1CJ2ROLZ2HT.jpg', 'รออนุมัติ'),
(4, '2021-03-14 10:26:09', NULL, 3, 'P2M', 'owen', 'hagrip', 'maeklongweb@gmail.com', '0830383731', '26/2 ม.10', 'บางไทร', 'บางไทร', 33, 'พระนครศรีอยุธยา ', '13190', 7, 'ส่งทางไปรษณีย์', '3500.0000', '2021-03-14 17:20:00', 'EVGVIZ8RFXO47ULWGHCM.jpg', 'รออนุมัติ'),
(5, '2021-03-14 14:39:46', NULL, 4, 'P2M', 'Naruphon Wongsaroj', 'Wongsaroj', 'naruphon.w@live.rmutt.ac.th', '0830383731', '26/2 ม.10', 'บางไทร', 'บางไทร', 33, 'พระนครศรีอยุธยา ', '13190', 8, 'รับด้วยตนเอง', '3500.0000', '2021-03-14 21:19:00', 'CVL4OSF0BGM0PG9CLPYQ.jpg', 'รออนุมัติ'),
(6, '2021-03-14 15:56:48', NULL, 5, 'opew', 'kaiowq', 'sswef', 'naruphonkingoil@gmail.com', '0830383731', '26/2 ม.10', 'บางไทร', 'บางไทร', 33, 'พระนครศรีอยุธยา ', '13190', 7, 'ส่งทางไปรษณีย์', '1200.0000', '2021-03-14 22:19:00', '4STZCHBROW4WAW66ZTWI.jpg', 'รออนุมัติ'),
(7, '2021-03-14 16:12:08', NULL, 6, 'test 404', 'taya', 'pop', 'maeklongweb@gmail.com', '0830383731', '26/2 ม.10', 'บางไทร', 'บางไทร', 33, 'พระนครศรีอยุธยา ', '13190', 7, 'ส่งทางไปรษณีย์', '1400.0000', '2021-03-14 21:14:00', 'DLV4ZI0RPU2O0O8OXKA5.jpg', 'รออนุมัติ'),
(8, '2021-03-15 01:31:15', NULL, 7, 'testtttttttttttttttttttt', 'Naruphon', 'Wongsaroj', 'shochaku@hotmail.com', '0830383731', '26/2 ม.10', 'บางไทร', 'บางไทร', 33, 'พระนครศรีอยุธยา ', '13190', 7, 'ส่งทางไปรษณีย์', '1400.0000', '2021-03-15 02:01:00', 'SCOH4W06H9XDATEDBI5U.jpg', 'รออนุมัติ'),
(9, '2021-03-15 08:03:19', NULL, 8, 'txrbo', 'one', 'naiii', 'naruphonkingoil@gmail.com', '0830383731', '26/2 ม.10', 'บางไทร', 'บางไทร', 33, 'พระนครศรีอยุธยา ', '13190', 7, 'ส่งทางไปรษณีย์', '3500.0000', '2021-03-15 22:19:00', 'SQFYPLCC2E9AVOY1KHJG.jpg', 'รออนุมัติ'),
(10, '2021-03-15 13:31:44', NULL, 9, 'อ้วนมาก', 'ศรญา', 'มั่นเหมือนป้อม', 'naruphonkingoil@gmail.com', '0830383731', '26/2 ม.10', 'บางไทร', 'บางไทร', 33, 'พระนครศรีอยุธยา ', '13190', 8, 'รับด้วยตนเอง', '1200.0000', '2021-03-15 21:18:00', 'ZL2LT6YDI1GMEZI05ELJ.jpg', 'รออนุมัติ'),
(11, '2021-03-15 16:11:46', NULL, 10, 'taraarara', 'Naruphon', 'win', 'soraya_irada@hotmail.com', '0830383731', '26/2 ม.10', 'บางไทร', 'บางไทร', 33, 'พระนครศรีอยุธยา ', '13190', 7, 'ส่งทางไปรษณีย์', '1400.0000', '2021-03-15 20:20:00', 'H1LXJSQ81ZKFFQDAPOV6.jpg', 'รออนุมัติ'),
(12, '2021-03-15 16:20:57', NULL, 11, 'black', 'friut', 'win', 'shochaku@hotmail.com', '0830383731', '26/2 ม.10', 'บางไทร', 'บางไทร', 33, 'พระนครศรีอยุธยา ', '13190', 7, 'ส่งทางไปรษณีย์', '1400.0000', '2021-03-15 18:19:00', 'U8Y8X7XYV0WDDCB2IFZX.jpg', 'รออนุมัติ'),
(13, '2021-03-15 16:42:12', NULL, 12, 'P2M', 'Naruphon Wongsaroj', 'Wongsaroj', 'maeklongweb@gmail.com', '0830383731', '26/2 ม.10', 'บางไทร', 'บางไทร', 33, 'พระนครศรีอยุธยา ', '13190', 7, 'ส่งทางไปรษณีย์', '800.0000', '2021-03-15 18:18:00', '6OM2QU851WOA4KMUEUCL.jpg', 'รออนุมัติ'),
(14, '2021-03-16 01:05:49', NULL, 13, 'jyp', 'gggroepw', 'Wongsaroj', 'naruphon.w@live.rmutt.ac.th', '0830383731', '26/2 ม.10', 'บางไทร', 'บางไทร', 33, 'พระนครศรีอยุธยา ', '13190', 7, 'ส่งทางไปรษณีย์', '800.0000', '2021-03-16 02:03:00', 'KS06T75RDKU1JS1K046I.jpg', 'รออนุมัติ'),
(15, '2021-03-16 01:15:07', NULL, 14, 'jwp', 'ooop', 'pooo', 'soraya_irada@hotmail.com', '0830383731', '26/2 ม.10', 'บางไทร', 'บางไทร', 33, 'พระนครศรีอยุธยา ', '13190', 7, 'ส่งทางไปรษณีย์', '1400.0000', '2021-03-16 19:19:00', '9G53RFTWL3MABHU0U85F.jpg', 'รออนุมัติ'),
(16, '2021-03-16 01:47:39', NULL, 15, 'sataaaa', '123456879jk', 'pop', 'shochaku@hotmail.com', '0830383731', '26/2 ม.10', 'บางไทร', 'บางไทร', 33, 'พระนครศรีอยุธยา ', '13190', 7, 'ส่งทางไปรษณีย์', '350.0000', '2021-03-16 18:19:00', '7EKBXJ61BRSDD1Z3DUXD.jpg', 'รออนุมัติ'),
(17, '2021-03-16 02:07:10', NULL, 16, 'jordi', 'love', 'woeoeroow', 'soraya_irada@hotmail.com', '0830383731', '26/2 ม.10', 'บางไทร', 'บางไทร', 33, 'พระนครศรีอยุธยา ', '13190', 7, 'ส่งทางไปรษณีย์', '1400.0000', '2021-03-16 02:05:00', 'AYH03G039XSSZGO1SX1B.jpg', 'รออนุมัติ'),
(18, '2021-03-16 02:14:52', NULL, 17, 'test 404', 'Naruphon Wongsaroj', 'win', 'naruphon.w@live.rmutt.ac.th', '0830383731', '26/2 ม.10', 'บางไทร', 'บางไทร', 33, 'พระนครศรีอยุธยา ', '13190', 7, 'ส่งทางไปรษณีย์', '1400.0000', '2021-03-16 01:01:00', 'RDOLJOZC7ZSIC1EL11PJ.jpg', 'รออนุมัติ'),
(19, '2021-03-16 02:27:44', NULL, 18, '505', 'tyyu', 'ee', 'naruphon.won@kingriceoilgroup.com', '0830383731', '26/2 ม.10', 'บางไทร', 'บางไทร', 33, 'พระนครศรีอยุธยา ', '13190', 7, 'ส่งทางไปรษณีย์', '1400.0000', '2021-03-16 20:18:00', '2Y5FM13M6CD9S4U822T2.jpg', 'รออนุมัติ'),
(20, '2021-03-16 02:48:30', NULL, 19, 'P2M', 'ddsw', 'Wongsaroj', 'naruphonkingoil@gmail.com', '0830383731', '26/2 ม.10', 'บางไทร', 'บางไทร', 33, 'พระนครศรีอยุธยา ', '13190', 7, 'ส่งทางไปรษณีย์', '800.0000', '2021-03-16 21:18:00', '187G0ELVWD2ZDWWCF70X.jpg', 'รออนุมัติ'),
(21, '2021-03-16 02:52:07', NULL, 20, 'P2M', 'Naruphon Wongsaroj', 'Wongsaroj', 'maeklongweb@gmail.com', '0830383731', '26/2 ม.10', 'บางไทร', 'บางไทร', 33, 'พระนครศรีอยุธยา ', '13190', 8, 'รับด้วยตนเอง', '1400.0000', '2021-03-16 20:19:00', '3E6QGV8MALUT5FCP4HK9.jpg', 'รออนุมัติ'),
(22, '2021-03-16 04:08:28', NULL, 21, 'xcvvfw', 'rtyewwq', 'ttrrwqqq', 'maeklongweb@gmail.com', '0830383731', '26/2 ม.10', 'บางไทร', 'บางไทร', 33, 'พระนครศรีอยุธยา ', '13190', 7, 'ส่งทางไปรษณีย์', '1400.0000', '2021-03-16 19:18:00', 'JWZDT6UB0P9SBC9BHFA2.jpg', 'รออนุมัติ'),
(23, '2021-03-16 06:02:31', NULL, 22, 'zzzzz', 'zzz', 'Wongsaroj', 'naruphon.won@kingriceoilgroup.com', '0830383731', '26/2 ม.10', 'บางไทร', 'บางไทร', 33, 'พระนครศรีอยุธยา ', '13190', 7, 'ส่งทางไปรษณีย์', '3500.0000', '2021-03-16 20:19:00', 'SXWCOTGX5SLSK9F9U9K0.jpg', 'รออนุมัติ'),
(24, '2021-03-16 06:04:39', NULL, 23, 'test 404444', 'sorayyaarrr', 'win', 'soraya_irada@hotmail.com', '0830383731', '26/2 ม.10', 'บางไทร', 'บางไทร', 33, 'พระนครศรีอยุธยา ', '13190', 8, 'รับด้วยตนเอง', '1400.0000', '2021-03-16 21:20:00', 'BKSXU0UFRXMTKCDVAYTY.jpg', 'รออนุมัติ'),
(25, '2021-03-16 06:09:51', NULL, 24, 'sataaaannnnnnnnnnnnnn', 'newww', 'Wongsaroj', 'naruphonkingoil@gmail.com', '0830383731', '26/2 ม.10', 'บางไทร', 'บางไทร', 33, 'พระนครศรีอยุธยา ', '13190', 7, 'ส่งทางไปรษณีย์', '1400.0000', '2021-03-16 22:17:00', '3XPJ01U7R8QE0UU82P4A.jpg', 'รออนุมัติ'),
(26, '2021-03-16 06:13:49', NULL, 25, 'meaaa', 'tony', 'stark', 'naruphon.won@kingriceoilgroup.com', '0830383731', '26/2 ม.10', 'บางไทร', 'บางไทร', 33, 'พระนครศรีอยุธยา ', '13190', 7, 'ส่งทางไปรษณีย์', '3500.0000', '2021-03-16 03:04:00', 'K32OTYMZGKA9RT05E09R.jpg', 'รออนุมัติ'),
(27, '2021-03-16 07:33:04', NULL, 26, 'black pink', 'jenny', 'Wongsaroj', 'soraya_irada@hotmail.com', '0830383731', '26/2 ม.10', 'บางไทร', 'บางไทร', 33, 'พระนครศรีอยุธยา ', '13190', 7, 'ส่งทางไปรษณีย์', '1200.0000', '2021-03-16 19:06:00', 'F74UVJXSSD5FI2Z2YOZC.jpg', 'รออนุมัติ'),
(28, '2021-03-16 07:36:37', NULL, 27, 'black pink 01', 'lisa', 'manobal', 'naruphonkingoil@gmail.com', '0830383731', '26/2 ม.10', 'บางไทร', 'บางไทร', 33, 'พระนครศรีอยุธยา ', '13190', 7, 'ส่งทางไปรษณีย์', '800.0000', '2021-03-16 19:19:00', 'EK8IQTBB9UCWUKY2TK50.jpg', 'รออนุมัติ'),
(29, '2021-03-16 07:54:50', NULL, 28, 'black pink 02', 'lisa', 'manobal', 'soraya_irada@hotmail.com', '0830383731', '26/2 ม.10', 'บางไทร', 'บางไทร', 33, 'พระนครศรีอยุธยา ', '13190', 7, 'ส่งทางไปรษณีย์', '1400.0000', '2021-03-16 20:19:00', '99CQIXLL322IQ49KLW5C.jpg', 'รออนุมัติ'),
(30, '2021-03-16 08:01:03', NULL, 29, 'P2M000', 'lisaaaaaaaa', 'manobal', 'naruphonkingoil@gmail.com', '0830383731', '26/2 ม.10', 'บางไทร', 'บางไทร', 33, 'พระนครศรีอยุธยา ', '13190', 7, 'ส่งทางไปรษณีย์', '800.0000', '2021-03-16 21:14:00', 'U6YJMCYJQ3GPYE2OLRVQ.jpg', 'รออนุมัติ'),
(31, '2021-03-16 08:05:05', NULL, 30, 'P2Mppp', 'jisoo', 'backping', 'naruphon.w@live.rmutt.ac.th', '0830383731', '26/2 ม.10', 'บางไทร', 'บางไทร', 33, 'พระนครศรีอยุธยา ', '13190', 7, 'ส่งทางไปรษณีย์', '3500.0000', '2021-03-16 07:16:00', '3GK6XYGA5X28AELUB3UH.jpg', 'รออนุมัติ'),
(32, '2021-03-16 09:14:42', NULL, 31, 'test 5x5', 'scire', 'sa', 'soraya_irada@hotmail.com', '0830383731', '26/2 ม.10', 'บางไทร', 'บางไทร', 33, 'พระนครศรีอยุธยา ', '13190', 7, 'ส่งทางไปรษณีย์', '1400.0000', '2021-03-16 05:19:00', '2RUQAJE43X3MHBMMXW9X.jpg', 'รออนุมัติ'),
(33, '2021-03-16 12:15:13', NULL, 32, 'test66666', 'jisoo', 'hai', 'maeklongweb@gmail.com', '0830383731', '26/2 ม.10', 'บางไทร', 'บางไทร', 33, 'พระนครศรีอยุธยา ', '13190', 7, 'ส่งทางไปรษณีย์', '800.0000', '2021-03-16 17:19:00', 'APJMJO6FIGPUGZ3D2GT7.jpg', 'รออนุมัติ'),
(34, '2021-03-16 15:19:41', NULL, 33, 'P2M36987', 'sdewww', 'reerreer', 'naruphonkingoil@gmail.com', '0830383731', '26/2 ม.10', 'บางไทร', 'บางไทร', 33, 'พระนครศรีอยุธยา ', '13190', 7, 'ส่งทางไปรษณีย์', '800.0000', '2021-03-16 18:17:00', 'HC17HQJS8SRC20S3UC8S.jpg', 'รออนุมัติ'),
(35, '2021-03-16 15:45:04', NULL, 34, '123456789', 'ddsw', 'Wongsaroj', 'naruphon.w@live.rmutt.ac.th', '0830383731', '26/2 ม.10', 'บางไทร', 'บางไทร', 33, 'พระนครศรีอยุธยา ', '13190', 7, 'ส่งทางไปรษณีย์', '800.0000', '2021-03-16 19:17:00', 'XD02RG84I3EV5X9L5Y08.jpg', 'รออนุมัติ'),
(36, '2021-03-16 15:48:08', NULL, 35, 'sataaaa', 'scire', 'Wongsaroj', 'naruphon.won@kingriceoilgroup.com', '0830383731', '26/2 ม.10', 'บางไทร', 'บางไทร', 33, 'พระนครศรีอยุธยา ', '13190', 7, 'ส่งทางไปรษณีย์', '1400.0000', '2021-03-16 17:16:00', 'SHWFSTS5R3U64GDDVH24.jpg', 'รออนุมัติ'),
(37, '2021-03-16 15:50:35', NULL, 36, 'sataaaa', 'Naruphon Wongsaroj', 'Wongsaroj', 'naruphon.won@kingriceoilgroup.com', '0830383731', '26/2 ม.10', 'บางไทร', 'บางไทร', 33, 'พระนครศรีอยุธยา ', '13190', 7, 'ส่งทางไปรษณีย์', '1400.0000', '2021-03-16 18:20:00', '0T89LBG1HVHK2VE43ASE.jpg', 'รออนุมัติ');

-- --------------------------------------------------------

--
-- Table structure for table `province`
--

CREATE TABLE `province` (
  `id` int(11) NOT NULL,
  `province_name` varchar(255) NOT NULL
) ENGINE=InnoDB DEFAULT CHARSET=utf8 COMMENT='province';

--
-- Dumping data for table `province`
--

INSERT INTO `province` (`id`, `province_name`) VALUES
(1, 'กรุงเทพมหานคร '),
(2, 'กระบี่ '),
(3, 'กาญจนบุรี '),
(4, 'กาฬสินธุ์ '),
(5, 'กำแพงเพชร '),
(6, 'ขอนแก่น '),
(7, 'จันทบุรี '),
(8, 'ฉะเชิงเทรา '),
(9, 'ชลบุรี '),
(10, 'ชัยนาท '),
(11, 'ชัยภูมิ '),
(12, 'ชุมพร '),
(13, 'เชียงราย '),
(14, 'เชียงใหม่ '),
(15, 'ตรัง '),
(16, 'ตราด '),
(17, 'ตาก '),
(18, 'นครนายก '),
(19, 'นครปฐม '),
(20, 'นครพนม '),
(21, 'นครราชสีมา '),
(22, 'นครศรีธรรมราช '),
(23, 'นครสวรรค์ '),
(24, 'นนทบุรี '),
(25, 'นราธิวาส '),
(26, 'น่าน '),
(27, 'บึงกาฬ '),
(28, 'บุรีรัมย์ '),
(29, 'ปทุมธานี '),
(30, 'ประจวบคีรีขันธ์ '),
(31, 'ปราจีนบุรี '),
(32, 'ปัตตานี '),
(33, 'พระนครศรีอยุธยา '),
(34, 'พังงา '),
(35, 'พัทลุง '),
(36, 'พิจิตร '),
(37, 'พิษณุโลก '),
(38, 'เพชรบุรี '),
(39, 'เพชรบูรณ์ '),
(40, 'แพร่ '),
(41, 'พะเยา '),
(42, 'ภูเก็ต '),
(43, 'มหาสารคาม '),
(44, 'มุกดาหาร '),
(45, 'แม่ฮ่องสอน '),
(46, 'ยะลา '),
(47, 'ยโสธร '),
(48, 'ร้อยเอ็ด '),
(49, 'ระนอง '),
(50, 'ระยอง '),
(51, 'ราชบุรี '),
(52, 'ลพบุรี '),
(53, 'ลำปาง '),
(54, 'ลำพูน '),
(55, 'เลย '),
(56, 'ศรีสะเกษ '),
(57, 'สกลนคร '),
(58, 'สงขลา '),
(59, 'สตูล '),
(60, 'สมุทรปราการ '),
(61, 'สมุทรสงคราม '),
(62, 'สมุทรสาคร '),
(63, 'สระแก้ว '),
(64, 'สระบุรี '),
(65, 'สิงห์บุรี '),
(66, 'สุโขทัย '),
(67, 'สุพรรณบุรี '),
(68, 'สุราษฎร์ธานี '),
(69, 'สุรินทร์ '),
(70, 'หนองคาย '),
(71, 'หนองบัวลำภู '),
(72, 'อ่างทอง '),
(73, 'อุดรธานี '),
(74, 'อุทัยธานี '),
(75, 'อุตรดิตถ์ '),
(76, 'อุบลราชธานี '),
(77, 'อำนาจเจริญ');

-- --------------------------------------------------------

--
-- Table structure for table `register`
--

CREATE TABLE `register` (
  `id` int(11) NOT NULL,
  `code` varchar(10) CHARACTER SET utf8 COLLATE utf8_bin DEFAULT NULL,
  `no` int(11) DEFAULT NULL,
  `create_date` timestamp NOT NULL DEFAULT CURRENT_TIMESTAMP,
  `approve_date` datetime DEFAULT NULL,
  `com_id` int(10) NOT NULL COMMENT 'competition id',
  `com_name` varchar(100) DEFAULT NULL,
  `com_age_id` int(11) DEFAULT NULL,
  `com_age_name` varchar(100) DEFAULT NULL,
  `name_th` varchar(30) DEFAULT NULL,
  `surname_th` varchar(30) DEFAULT NULL,
  `name_en` varchar(30) DEFAULT NULL,
  `surname_en` varchar(30) DEFAULT NULL,
  `idcardno` varchar(20) DEFAULT NULL,
  `b_date` date DEFAULT NULL,
  `age` int(11) DEFAULT NULL,
  `sex` varchar(6) DEFAULT NULL,
  `email` varchar(100) DEFAULT NULL,
  `phone` varchar(50) DEFAULT NULL,
  `h_no` varchar(255) DEFAULT NULL,
  `h_subdistrict` varchar(255) DEFAULT NULL,
  `h_district` varchar(255) DEFAULT NULL,
  `province_id` int(80) NOT NULL,
  `h_province` varchar(255) DEFAULT NULL,
  `h_postal` int(5) DEFAULT NULL,
  `s_form_id` int(11) DEFAULT NULL,
  `s_form_name` varchar(255) DEFAULT NULL,
  `s_size_id` int(10) DEFAULT NULL,
  `s_size_name` varchar(255) DEFAULT NULL,
  `s_form_id1` int(11) DEFAULT NULL,
  `s_form_name1` varchar(255) NOT NULL,
  `s_size_id1` int(10) DEFAULT NULL,
  `s_size_name1` varchar(255) NOT NULL,
  `s_form_id2` int(11) DEFAULT NULL,
  `s_form_name2` varchar(255) NOT NULL,
  `s_size_id2` int(10) DEFAULT NULL,
  `s_size_name2` varchar(255) NOT NULL,
  `s_form_id3` int(11) DEFAULT NULL,
  `s_form_name3` varchar(255) NOT NULL,
  `s_size_id3` int(10) DEFAULT NULL,
  `s_size_name3` varchar(255) NOT NULL,
  `s_form_id4` int(6) NOT NULL,
  `s_form_name4` varchar(255) NOT NULL,
  `s_size_id4` int(6) NOT NULL,
  `s_size_name4` varchar(255) NOT NULL,
  `s_send_id` int(20) DEFAULT NULL,
  `s_send_name` varchar(255) DEFAULT NULL,
  `pay_total` decimal(12,4) DEFAULT NULL,
  `pay_date` datetime DEFAULT NULL,
  `pay_picture` varchar(255) DEFAULT NULL,
  `group_id` int(11) DEFAULT NULL,
  `group_name` varchar(255) DEFAULT NULL,
  `status` varchar(20) DEFAULT NULL
) ENGINE=MyISAM DEFAULT CHARSET=utf8;

--
-- Dumping data for table `register`
--

INSERT INTO `register` (`id`, `code`, `no`, `create_date`, `approve_date`, `com_id`, `com_name`, `com_age_id`, `com_age_name`, `name_th`, `surname_th`, `name_en`, `surname_en`, `idcardno`, `b_date`, `age`, `sex`, `email`, `phone`, `h_no`, `h_subdistrict`, `h_district`, `province_id`, `h_province`, `h_postal`, `s_form_id`, `s_form_name`, `s_size_id`, `s_size_name`, `s_form_id1`, `s_form_name1`, `s_size_id1`, `s_size_name1`, `s_form_id2`, `s_form_name2`, `s_size_id2`, `s_size_name2`, `s_form_id3`, `s_form_name3`, `s_size_id3`, `s_size_name3`, `s_form_id4`, `s_form_name4`, `s_size_id4`, `s_size_name4`, `s_send_id`, `s_send_name`, `pay_total`, `pay_date`, `pay_picture`, `group_id`, `group_name`, `status`) VALUES
(1, 'P0001', 1, '2021-03-19 06:26:43', '2021-04-10 09:30:00', 15, 'Funrun 5.4. km. (ค่าใช้จ่าย 400 บาท)', 52, '16 - 39 ปี', 'Naruphon', 'Wongsaroj', '', '', '', '1988-02-02', 33, 'male', 'naruphon.w@live.rmutt.ac.th', '0830383731', '26/2 ม.10', 'บางไทร', 'บางไทร', 33, 'พระนครศรีอยุธยา ', 13190, 25, '001 เสื้อดำแคล้วคลาด', 16, 'M', 25, '001 เสื้อดำแคล้วคลาด', 15, 'S', 25, '001 เสื้อดำแคล้วคลาด', 16, 'M', 25, '001 เสื้อดำแคล้วคลาด', 15, 'S', 12, '003 เสื้อทองมั่งคั่ง', 15, 'S', 7, 'ส่งทางไปรษณีย์', '1400.0000', '2021-02-20 20:20:00', 'U36F7W48VGRSG4J4APGV.jpg', 0, NULL, 'อนุมัติแล้ว'),
(2, 'P0002', 2, '2021-04-09 13:20:10', '2021-04-10 09:30:00', 15, 'Funrun 5.4. km. (ค่าใช้จ่าย 400 บาท)', 52, '16 - 39 ปี', 'Naruphon', 'Wongsaroj', '', '', '', '1988-01-03', 33, 'male', 'naruphonkingoil@gmail.com', '0830383731', '26/2 ม.10', 'บางไทร', 'บางไทร', 33, 'พระนครศรีอยุธยา ', 13190, 11, 'VIP02-เสื้อขาวยั่งยืน', 16, 'M', 0, '', 0, '', 0, '', 0, '', 0, '', 0, '', 12, 'VIP02-เสื้อขาวยั่งยืน', 18, 'XL', 7, 'ส่งทางไปรษณีย์', '800.0000', '2021-04-19 19:20:00', 'K1FLWV0IPLU1YGT3A776.jpg', 0, NULL, 'อนุมัติแล้ว'),
(3, NULL, NULL, '2021-04-10 10:15:47', NULL, 16, 'เดิน 3. km. (ค่าสมัคร 350 บาท)', 57, ' ไม่แบ่งรุ่น - ประเภท', 'Naruphon', 'Wongsaroj', '', '', '', '1988-10-20', 33, 'male', 'naruphon.w@live.rmutt.ac.th', '0830383731', '26/2 ม.10', 'บางไทร', 'บางไทร', 33, 'พระนครศรีอยุธยา ', 13190, 10, 'VIP02-เสื้อขาวยั่งยืน', 15, 'S (36")', 25, ' 001 เสื้อดำแคล้วคลาด ', 16, ' M (38") ', 25, ' 001 เสื้อดำแคล้วคลาด ', 16, ' M (38") ', 27, ' 003 เสื้อทองมั่งคั่ง ', 16, ' M (38") ', 11, ' VIP02-เสื้อขาวยั่งยืน ', 16, ' M (38") ', 7, 'ส่งทางไปรษณีย์', '3500.0000', '2021-04-19 18:18:00', '26SKDECFH9E5LLWCGTB4.jpg', 0, NULL, 'รออนุมัติ'),
(4, '', NULL, '2021-04-10 11:26:49', NULL, 15, 'Funrun 5.4. km. (ค่าใช้จ่าย 400 บาท)', 52, '16 - 39 ปี', 'Naruphon', 'Wongsaroj', '', '', '', '1988-04-18', 33, 'male', 'naruphon.w@live.rmutt.ac.th', '0830383731', '26/2 ม.10', 'บางไทร', 'บางไทร', 33, 'พระนครศรีอยุธยา ', 13190, 25, '001 เสื้อดำแคล้วคลาด', 17, 'L', 26, '002 เสื้อเขียวเหนี่ยวทรัพย์', 17, 'L', 26, '002 เสื้อเขียวเหนี่ยวทรัพย์', 17, 'L', 26, '002 เสื้อเขียวเหนี่ยวทรัพย์', 18, 'XL', 12, 'VIP02-เสื้อขาวยั่งยืน', 18, 'XL', 7, 'ส่งทางไปรษณีย์', '800.0000', '2021-02-18 20:18:00', '12UAPV639SWU397Q1CJG.jpg', 0, NULL, 'รออนุมัติ'),
(5, NULL, NULL, '2021-04-10 12:56:44', NULL, 16, 'เดิน 3. km. (ค่าสมัคร 350 บาท)', 57, ' ไม่แบ่งรุ่น - ประเภท', 'Naruphon', 'Wongsaroj', '', '', '', '1992-02-15', 29, 'male', 'shochaku@hotmail.com', '0830383731', '26/2 ม.10', 'บางไทร', 'บางไทร', 33, 'พระนครศรีอยุธยา ', 13190, 12, 'VIP02-เสื้อขาวยั่งยืน', 17, 'L (40")', 25, ' 001 เสื้อดำแคล้วคลาด ', 17, ' L (40") ', 26, ' 002 เสื้อเขียวเหนี่ยวทรัพย์ ', 18, ' XL (42") ', 27, ' 003 เสื้อทองมั่งคั่ง ', 15, ' S (36") ', 11, ' VIP02-เสื้อขาวยั่งยืน ', 17, ' L (40") ', 7, 'ส่งทางไปรษณีย์', '3500.0000', '2021-03-03 01:03:00', 'RE0M8T2ABDXX90G1Q28T.jpg', 0, NULL, 'รออนุมัติ'),
(6, '', NULL, '2021-04-10 14:27:02', NULL, 16, 'เดิน 3. km. (ค่าใช้จ่าย 350 บาท)', 57, ' ไม่แบ่งรุ่น - ประเภท', 'Naruphon', 'Wongsaroj', '', '', '', '1988-01-02', 33, 'male', 'shochaku@hotmail.com', '0830383731', '26/2 ม.10', 'บางไทร', 'บางไทร', 33, 'พระนครศรีอยุธยา ', 13190, 11, 'VIP02-เสื้อขาวยั่งยืน', 15, 'S', 25, '001 เสื้อดำแคล้วคลาด', 17, 'L', 25, '001 เสื้อดำแคล้วคลาด', 18, 'XL', 26, '002 เสื้อเขียวเหนี่ยวทรัพย์', 17, 'L', 11, 'VIP02-เสื้อขาวยั่งยืน', 16, 'M', 7, 'ส่งทางไปรษณีย์', '1170.0000', '2021-04-19 19:20:00', 'PM59RWCYRQ98J1FTIB0W.jpg', 0, NULL, 'รออนุมัติ'),
(7, 'P0003', 3, '2021-04-10 14:27:45', '2021-04-10 09:33:00', 16, 'เดิน 3. km. (ค่าสมัคร 350 บาท)', 57, ' ไม่แบ่งรุ่น - ประเภท', 'Naruphon', 'Wongsaroj', '', '', '', '1988-01-02', 33, 'male', 'shochaku@hotmail.com', '0830383731', '26/2 ม.10', 'บางไทร', 'บางไทร', 33, 'พระนครศรีอยุธยา ', 13190, 11, 'VIP02-เสื้อขาวยั่งยืน', 15, 'S (36")', 25, ' 001 เสื้อดำแคล้วคลาด ', 17, ' L (40") ', 26, ' 002 เสื้อเขียวเหนี่ยวทรัพย์ ', 18, ' XL (42") ', 26, ' 002 เสื้อเขียวเหนี่ยวทรัพย์ ', 17, ' L (40") ', 12, ' VIP02-เสื้อขาวยั่งยืน ', 16, ' M (38") ', 7, 'ส่งทางไปรษณีย์', '1170.0000', '2021-04-19 19:20:00', 'PM59RWCYRQ98J1FTIB0W.jpg', 0, NULL, 'อนุมัติแล้ว');

-- --------------------------------------------------------

--
-- Table structure for table `send`
--

CREATE TABLE `send` (
  `id` int(11) NOT NULL,
  `startno` int(11) DEFAULT NULL,
  `endno` int(11) DEFAULT NULL,
  `send_name` varchar(255) DEFAULT NULL,
  `send_money` decimal(10,0) DEFAULT NULL,
  `send_detail` varchar(255) DEFAULT NULL,
  `status` varchar(10) DEFAULT NULL
) ENGINE=InnoDB DEFAULT CHARSET=utf8;

--
-- Dumping data for table `send`
--

INSERT INTO `send` (`id`, `startno`, `endno`, `send_name`, `send_money`, `send_detail`, `status`) VALUES
(7, NULL, NULL, 'ส่งทางไปรษณีย์', '70', 'ต่อ 1 เบอร์', 'enable'),
(8, NULL, NULL, 'รับด้วยตนเอง', '0', 'วันที่ 2 ธันวาคม 2560 เวลา 10.00-20.00 น. ณ สถานที่จัดการแข่งขัน (หน้าศาลากลางจังหวัดสมุทรสงคราม)', 'enable');

-- --------------------------------------------------------

--
-- Table structure for table `setup_option`
--

CREATE TABLE `setup_option` (
  `id` int(3) NOT NULL,
  `id_limit` int(6) NOT NULL,
  `shirt_price` int(3) NOT NULL,
  `send_money` int(3) NOT NULL,
  `status` varchar(30) NOT NULL
) ENGINE=InnoDB DEFAULT CHARSET=utf8;

--
-- Dumping data for table `setup_option`
--

INSERT INTO `setup_option` (`id`, `id_limit`, `shirt_price`, `send_money`, `status`) VALUES
(11, 88888, 250, 30, 'enable');

-- --------------------------------------------------------

--
-- Table structure for table `shirt`
--

CREATE TABLE `shirt` (
  `id` int(11) NOT NULL,
  `shirt_name` varchar(255) CHARACTER SET utf8 DEFAULT NULL,
  `shirt_imagename` varchar(255) CHARACTER SET utf8 DEFAULT NULL,
  `status` varchar(10) CHARACTER SET utf8 DEFAULT NULL
) ENGINE=InnoDB DEFAULT CHARSET=latin1;

--
-- Dumping data for table `shirt`
--

INSERT INTO `shirt` (`id`, `shirt_name`, `shirt_imagename`, `status`) VALUES
(11, 'VIP01-เสื้อแดงมงคล', 'image/shirt/T-S.jpg', 'vip'),
(12, 'VIP02-เสื้อขาวยั่งยืน', NULL, 'vip'),
(25, '001 เสื้อดำแคล้วคลาด', 'image/shirt/T-S.jpg', 'enable'),
(26, '002 เสื้อเขียวเหนี่ยวทรัพย์', 'image/shirt/T-K.jpg', 'enable'),
(27, '003 เสื้อทองมั่งคั่ง', 'image/shirt/148303.jpg', 'enable');

-- --------------------------------------------------------

--
-- Table structure for table `shirt_size`
--

CREATE TABLE `shirt_size` (
  `id` int(11) NOT NULL,
  `shirtsize_name` varchar(255) DEFAULT NULL,
  `shirtsize_value` varchar(255) DEFAULT NULL,
  `status` varchar(10) DEFAULT NULL
) ENGINE=InnoDB DEFAULT CHARSET=utf8;

--
-- Dumping data for table `shirt_size`
--

INSERT INTO `shirt_size` (`id`, `shirtsize_name`, `shirtsize_value`, `status`) VALUES
(15, 'S', '36"', 'enable'),
(16, 'M', '38"', 'enable'),
(17, 'L', '40"', 'enable'),
(18, 'XL', '42"', 'enable');

-- --------------------------------------------------------

--
-- Table structure for table `tmp_register`
--

CREATE TABLE `tmp_register` (
  `id` int(11) NOT NULL,
  `code` varchar(10) CHARACTER SET utf8 COLLATE utf8_bin DEFAULT NULL,
  `no` int(11) DEFAULT NULL,
  `create_date` timestamp NOT NULL DEFAULT CURRENT_TIMESTAMP,
  `com_id` int(10) NOT NULL COMMENT 'competition id',
  `com_name` varchar(100) DEFAULT NULL,
  `com_age_id` int(11) DEFAULT NULL,
  `com_age_name` varchar(100) DEFAULT NULL,
  `name_th` varchar(30) DEFAULT NULL,
  `surname_th` varchar(30) DEFAULT NULL,
  `name_en` varchar(30) DEFAULT NULL,
  `surname_en` varchar(30) DEFAULT NULL,
  `idcardno` varchar(20) DEFAULT NULL,
  `b_date` date DEFAULT NULL,
  `age` int(11) DEFAULT NULL,
  `sex` varchar(6) DEFAULT NULL,
  `email` varchar(100) DEFAULT NULL,
  `phone` varchar(50) DEFAULT NULL,
  `h_no` varchar(255) DEFAULT NULL,
  `h_subdistrict` varchar(255) DEFAULT NULL,
  `h_district` varchar(255) DEFAULT NULL,
  `province_id` int(80) NOT NULL,
  `h_province` varchar(255) DEFAULT NULL,
  `h_postal` int(5) DEFAULT NULL,
  `s_form_id` int(11) DEFAULT NULL,
  `s_form_name` varchar(255) DEFAULT NULL,
  `s_size_id` int(10) DEFAULT NULL,
  `s_size_name` varchar(255) DEFAULT NULL,
  `s_form_id1` int(11) DEFAULT NULL,
  `s_form_name1` varchar(255) NOT NULL,
  `s_size_id1` int(10) DEFAULT NULL,
  `s_size_name1` varchar(255) NOT NULL,
  `s_form_id2` int(11) DEFAULT NULL,
  `s_form_name2` varchar(255) NOT NULL,
  `s_size_id2` int(10) DEFAULT NULL,
  `s_size_name2` varchar(255) NOT NULL,
  `s_send_id` int(20) DEFAULT NULL,
  `s_send_name` varchar(255) DEFAULT NULL,
  `pay_total` decimal(10,0) DEFAULT NULL,
  `pay_date` datetime DEFAULT NULL,
  `pay_picture` varchar(255) DEFAULT NULL,
  `group_id` int(11) DEFAULT NULL,
  `group_name` varchar(255) DEFAULT NULL,
  `status` varchar(20) DEFAULT NULL
) ENGINE=MyISAM DEFAULT CHARSET=utf8;

-- --------------------------------------------------------

--
-- Table structure for table `user_group`
--

CREATE TABLE `user_group` (
  `id` int(11) NOT NULL,
  `ug_name` varchar(255) DEFAULT NULL,
  `regis_list` varchar(10) DEFAULT NULL,
  `regis_list_edit` varchar(10) DEFAULT NULL,
  `regis_list_del` varchar(10) DEFAULT NULL,
  `regis_individual` varchar(10) DEFAULT NULL,
  `regis_individual_edit` varchar(10) DEFAULT NULL,
  `regis_individual_del` varchar(10) DEFAULT NULL,
  `regis_approve` varchar(10) DEFAULT NULL,
  `regis_approve_edit` varchar(10) DEFAULT NULL,
  `regis_approve_del` varchar(10) DEFAULT NULL,
  `regis_group_list` varchar(10) DEFAULT NULL,
  `regis_group_list_edit` varchar(10) DEFAULT NULL,
  `regis_group_list_del` varchar(10) DEFAULT NULL,
  `regis_send` varchar(10) DEFAULT NULL,
  `regis_send_edit` varchar(10) DEFAULT NULL,
  `regis_send_del` varchar(10) DEFAULT NULL,
  `system_config` varchar(10) DEFAULT NULL
) ENGINE=InnoDB DEFAULT CHARSET=utf8;

--
-- Dumping data for table `user_group`
--

INSERT INTO `user_group` (`id`, `ug_name`, `regis_list`, `regis_list_edit`, `regis_list_del`, `regis_individual`, `regis_individual_edit`, `regis_individual_del`, `regis_approve`, `regis_approve_edit`, `regis_approve_del`, `regis_group_list`, `regis_group_list_edit`, `regis_group_list_del`, `regis_send`, `regis_send_edit`, `regis_send_del`, `system_config`) VALUES
(1, 'user', 'yes', 'yes', 'no', 'yes', 'yes', 'no', 'yes', 'yes', 'no', 'yes', 'yes', 'no', 'yes', 'yes', 'no', 'no'),
(99, 'admin', 'yes', 'yes', 'yes', 'yes', 'yes', 'yes', 'yes', 'yes', 'yes', 'yes', 'yes', 'yes', 'yes', 'yes', 'yes', 'yes');

--
-- Indexes for dumped tables
--

--
-- Indexes for table `bank`
--
ALTER TABLE `bank`
  ADD PRIMARY KEY (`id`);

--
-- Indexes for table `competition`
--
ALTER TABLE `competition`
  ADD PRIMARY KEY (`id`);

--
-- Indexes for table `competition_age`
--
ALTER TABLE `competition_age`
  ADD PRIMARY KEY (`id`);

--
-- Indexes for table `group_register`
--
ALTER TABLE `group_register`
  ADD PRIMARY KEY (`id`);

--
-- Indexes for table `province`
--
ALTER TABLE `province`
  ADD PRIMARY KEY (`id`);

--
-- Indexes for table `register`
--
ALTER TABLE `register`
  ADD PRIMARY KEY (`id`);

--
-- Indexes for table `send`
--
ALTER TABLE `send`
  ADD PRIMARY KEY (`id`);

--
-- Indexes for table `setup_option`
--
ALTER TABLE `setup_option`
  ADD PRIMARY KEY (`id`);

--
-- Indexes for table `shirt`
--
ALTER TABLE `shirt`
  ADD PRIMARY KEY (`id`);

--
-- Indexes for table `shirt_size`
--
ALTER TABLE `shirt_size`
  ADD PRIMARY KEY (`id`);

--
-- Indexes for table `tmp_register`
--
ALTER TABLE `tmp_register`
  ADD PRIMARY KEY (`id`);

--
-- Indexes for table `user_group`
--
ALTER TABLE `user_group`
  ADD PRIMARY KEY (`id`);

--
-- AUTO_INCREMENT for dumped tables
--

--
-- AUTO_INCREMENT for table `bank`
--
ALTER TABLE `bank`
  MODIFY `id` int(11) NOT NULL AUTO_INCREMENT, AUTO_INCREMENT=2;
--
-- AUTO_INCREMENT for table `competition`
--
ALTER TABLE `competition`
  MODIFY `id` int(11) NOT NULL AUTO_INCREMENT, AUTO_INCREMENT=19;
--
-- AUTO_INCREMENT for table `competition_age`
--
ALTER TABLE `competition_age`
  MODIFY `id` int(11) NOT NULL AUTO_INCREMENT, AUTO_INCREMENT=58;
--
-- AUTO_INCREMENT for table `group_register`
--
ALTER TABLE `group_register`
  MODIFY `id` int(11) NOT NULL AUTO_INCREMENT, AUTO_INCREMENT=38;
--
-- AUTO_INCREMENT for table `province`
--
ALTER TABLE `province`
  MODIFY `id` int(11) NOT NULL AUTO_INCREMENT, AUTO_INCREMENT=78;
--
-- AUTO_INCREMENT for table `register`
--
ALTER TABLE `register`
  MODIFY `id` int(11) NOT NULL AUTO_INCREMENT, AUTO_INCREMENT=8;
--
-- AUTO_INCREMENT for table `send`
--
ALTER TABLE `send`
  MODIFY `id` int(11) NOT NULL AUTO_INCREMENT, AUTO_INCREMENT=9;
--
-- AUTO_INCREMENT for table `shirt`
--
ALTER TABLE `shirt`
  MODIFY `id` int(11) NOT NULL AUTO_INCREMENT, AUTO_INCREMENT=28;
--
-- AUTO_INCREMENT for table `shirt_size`
--
ALTER TABLE `shirt_size`
  MODIFY `id` int(11) NOT NULL AUTO_INCREMENT, AUTO_INCREMENT=19;
--
-- AUTO_INCREMENT for table `tmp_register`
--
ALTER TABLE `tmp_register`
  MODIFY `id` int(11) NOT NULL AUTO_INCREMENT, AUTO_INCREMENT=147;
